1. Calculate l(1).
440
Let d(l) = -7259*l + 123408. Give d(17).
5
Let i(v) = -v**2 + 4109*v + 32887. What is i(-8)?
-49
Let p(z) = -1384*z + 167442. Calculate p(121).
-22
Let v(c) = c**2 - 12*c + 297. Calculate v(-22).
1045
Let r(t) = 889*t - 8899. Give r(10).
-9
Let q(j) = 447431*j - 8948637. Calculate q(20).
-17
Let c(u) = -5643*u + 46648. Determine c(8).
1504
Let g(p) = p**3 - 133*p**2 - 661*p - 1292. Give g(138).
2710
Let g(z) = -4*z**2 - 225*z + 471. Give g(-59).
-178
Let d(a) = -a**3 + 81*a**2 - 245*a + 1761. Give d(78).
903
Let j(n) = 72040*n - 1008532. What is j(14)?
28
Let c(f) = -65*f**2 + 42314*f + 128172. Determine c(654).
-12
Let x(b) = -112*b + 3015. Calculate x(24).
327
Let b(t) = -355969*t + 2491767. Give b(7).
-16
Let m(l) = -l**3 - 109*l**2 + 594*l + 2745. Give m(-114).
9
Let k(g) = g**2 - 4740*g + 495745. Determine k(107).
14
Let f(d) = 9054*d - 99509. Give f(11).
85
Let y(h) = -4048*h**2 - 68817*h + 1. Determine y(-17).
18
Let s(b) = -b**2 - 67*b - 524. Determine s(-31).
592
Let l(g) = -2587*g + 12994. Give l(5).
59
Let z(d) = 50367*d + 402935. Give z(-8).
-1
Let h(u) = -233*u - 27193. What is h(-100)?
-3893
Let y(f) = f**2 - 1061*f + 14640. Determine y(14).
-18
Let j(s) = 8*s**2 + 34*s - 402. What is j(6)?
90
Let d(k) = 19511*k - 20928. Calculate d(1).
-1417
Let d(f) = -f**3 + 215*f**2 - 9111*f + 787. Determine d(157).
2
Let y(u) = u**3 + 76*u**2 + 555*u + 602. Give y(-68).
-146
Let p(x) = 207*x**2 - 6654*x - 19954. Give p(-3).
1871
Let n(p) = -4666*p - 200681. Give n(-43).
-43
Let b(t) = -1346*t**2 - 252*t + 251. Give b(1).
-1347
Let u(o) = 6*o**2 - 602*o - 247. Give u(101).
157
Let h(a) = -4*a**2 + 540*a + 1774. Determine h(138).
118
Let k(o) = 2*o**3 + 78*o**2 - 261*o + 52. Determine k(3).
25
Let b(m) = -6144*m - 221198. Give b(-36).
-14
Let l(m) = -368*m - 75346. Give l(-196).
-3218
Let l(c) = 4543*c + 2869. Determine l(-1).
-1674
Let c(h) = -1728*h - 12127. Determine c(-7).
-31
Let l(d) = 86*d + 3504. What is l(-43)?
-194
Let n(p) = -246*p + 2733. What is n(10)?
273
Let d(s) = -552*s**2 - 4562*s + 101. Give d(-9).
-3553
Let v(n) = -2*n**3 + 695*n**2 - 24324*n - 2604. Calculate v(308).
-140
Let j(u) = -3*u**3 + 29*u**2 - 51*u + 302. Calculate j(11).
-743
Let i(v) = 3*v**3 - 73*v**2 - 12*v + 397. Determine i(24).
-467
Let z(l) = l**3 + 14*l**2 - 144*l + 13. Determine z(-21).
-50
Let s(f) = 118*f**2 + 1860*f - 90. Give s(-14).
-3002
Let h(l) = -2*l**2 + 165*l - 1927. Determine h(65).
348
Let w(f) = 56*f**3 + 302*f**2 + 615*f + 19. Determine w(-2).
-451
Let x(v) = -v**3 - 130*v**2 + 808*v - 1179. What is x(-136)?
-91
Let t(o) = -6*o**3 - 50*o**2 - 26*o - 125. What is t(-8)?
-45
Let c(o) = 25*o**2 + 328*o + 60. Calculate c(-13).
21
Let a(r) = 3*r**2 - 465*r + 2796. What is a(6)?
114
Let m(r) = -r**3 - 70*r**2 + 33*r + 2370. Determine m(-70).
60
Let m(u) = u**2 - 5681*u + 303850. Determine m(54).
-8
Let t(b) = 2*b**3 - 11*b**2 + 18348*b - 36659. Give t(2).
9
Let t(n) = 2*n**2 - 9891*n - 89156. Calculate t(-9).
25
Let y(b) = -101*b + 8040. Calculate y(51).
2889
Let p(c) = -374*c + 10118. What is p(27)?
20
Let c(g) = 67*g**3 + 4667*g**2 - 1605*g + 346. Calculate c(-70).
-4
Let s(y) = -2*y**3 + 337*y**2 - 749*y - 13677. Calculate s(166).
-231
Let a(i) = 833*i**2 + 3637*i - 2653. Give a(-5).
-13
Let m(s) = 124*s - 14546. What is m(117)?
-38
Let i(c) = -820811*c + 4104044. Calculate i(5).
-11
Let o(b) = 2*b**3 - 265*b**2 - 699*b + 3235. Determine o(135).
-5
Let z(x) = 63*x**3 - 179*x**2 - 17*x + 21. What is z(3)?
60
Let d(l) = 5412*l + 839092. Calculate d(-155).
232
Let t(d) = 4145*d - 368908. Determine t(89).
-3
Let g(c) = 58*c**2 - 71*c - 1139. Calculate g(5).
-44
Let y(n) = -1231094*n - 2462176. Give y(-2).
12
Let z(m) = 1787*m + 207260. Calculate z(-116).
-32
Let u(t) = 1880*t**2 - 45111*t + 23. Calculate u(24).
239
Let k(u) = -8*u**2 - 308*u - 3834. Give k(-14).
-1090
Let z(n) = 2*n**2 - 25513*n + 1725630. Determine z(68).
-6
Let q(v) = v**3 - 98*v**2 - 735*v - 413. Determine q(105).
-413
Let v(h) = -h**3 - 28*h**2 - 80*h + 1. Calculate v(-22).
-1143
Let g(n) = -n**2 + 10290*n - 215642. Give g(21).
7
Let b(u) = -u**3 - 88*u**2 - 57*u + 31. Calculate b(-1).
1
Let j(q) = -4*q**2 - 3616*q + 231365. Calculate j(-964).
5
Let q(x) = -x**3 - 28*x**2 + 1173*x - 70. Calculate q(-51).
-70
Let j(d) = -26*d**3 - 4*d**2 + 25836*d + 25842. Determine j(-1).
28
Let g(d) = -2399*d + 276006. What is g(115)?
121
Let l(v) = 101*v - 13420. Give l(131).
-189
Let z(h) = -1541*h - 81665. Calculate z(-53).
8
Let s(l) = -938*l - 70530. Determine s(-75).
-180
Let d(y) = 28100*y - 393114. Give d(14).
286
Let l(c) = -c**3 - 79*c**2 + 329*c - 644. Determine l(-83).
-395
Let b(v) = 3*v**2 - 204*v + 1192. Give b(6).
76
Let h(a) = 13*a**2 - 3482*a + 29783. Calculate h(259).
-2
Let h(w) = -2753*w + 50208. Calculate h(18).
654
Let z(s) = -5974*s - 5206. Calculate z(-1).
768
Let p(o) = -1092*o - 16065. Calculate p(-17).
2499
Let q(b) = 250*b + 1683. Calculate q(-2).
1183
Let u(s) = -61*s + 445. Calculate u(7).
18
Let b(g) = -g**2 + 170*g - 5150. Determine b(41).
139
Let j(q) = -2*q**3 + 505*q**2 + 2324*q - 3174. Give j(257).
-347
Let j(r) = -1970*r - 13831. What is j(-6)?
-2011
Let j(t) = 4*t**2 + 3314*t - 419243. Determine j(-940).
-3
Let m(g) = 27505*g + 220015. What is m(-8)?
-25
Let v(l) = l**3 + 35*l**2 - 680*l - 21505. Give v(-38).
3
Let n(r) = 880*r - 62894. What is n(72)?
466
Let t(k) = -201*k**3 + 2*k**2 - 189*k - 193. Give t(-1).
199
Let m(b) = -b**2 + 609*b + 981634. Determine m(-732).
22
Let w(z) = 6*z**3 - 358*z**2 + 109*z + 198. Give w(59).
-7295
Let d(o) = -o**3 + 101*o**2 + 297*o - 2537. What is d(104)?
-4097
Let m(j) = -39695*j + 992300. What is m(25)?
-75
Let x(a) = 7120*a + 28515. Calculate x(-4).
35
Let q(r) = r**3 - 103*r**2 + 297*r + 2177. Give q(100).
1877
Let w(z) = 2253*z + 92369. What is w(-41)?
-4
Let v(k) = 10*k**3 + 10*k**2 - 98*k - 20. What is v(4)?
388
Let u(c) = c**3 - 36*c**2 - 411*c + 12722. Determine u(38).
-8
Let v(j) = -221*j - 5796. Determine v(-27).
171
Let c(i) = i**2 + 5991*i + 184735. Calculate c(-31).
-25
Let p(l) = -l**3 + 85*l**2 - 46*l + 3421. What is p(85)?
-489
Let n(c) = -2*c**2 + 11975*c + 47922. Calculate n(-4).
-10
Let y(i) = i**3 - 44*i**2 + 94*i - 5979. What is y(45)?
276
Let m(u) = 642*u + 647. What is m(-2)?
-637
Let u(h) = -2557*h + 171400. Give u(67).
81
Let v(f) = 12*f**3 - 109*f**2 - 341*f - 19. What is v(-3)?
-301
Let s(n) = 19*n**3 - 2757*n**2 + 267*n + 2248. Calculate s(145).
-1087
Let w(m) = -5*m**2 + 478*m + 436. Give w(97).
-243
Let n(m) = m**3 + 43*m**2 + 449*m + 82. Determine n(-21).
355
Let f(z) = -9537*z - 515051. Calculate f(-54).
-53
Let z(d) = -56717*d + 794046. Give z(14).
8
Let a(n) = -n**2 - 96*n + 64261. Determine a(210).
1
Let c(v) = 299*v - 5256. What is c(15)?
-771
Let w(v) = -378*v - 30980. Determine w(-82).
16
Let x(o) = -9855*o - 443428. Calculate x(-45).
47
Let h(z) = 54*z**2 - 1827*z - 18. What is h(34)?
288
Let h(v) = 9233*v - 73723. Calculate h(8).
141
Let c(o) = o**3 + 76*o**2 - 337*o - 14197. Calculate c(-78).
-79
Let i(x) = 520*x + 51048. Determine i(-98).
88
Let m(b) = b**3 + 95*b**2 + 2056*b - 615. Calculate m(-34).
-3
Let h(n) = 9700*n - 9398. Calculate h(1).
302
Let k(p) = -5*p**2 + 583178*p - 1749529. What is k(3)?
-40
Let q(a) = 3*a**3 + 91*a**2 + 308*a - 35. What is q(-4)?
-3
Let s(k) = 11*k**2 + 331*k + 1357. Give s(-25).
-43
Let d(f) = -3284*f - 45119. Determine d(-14).
857
Let u(d) = -14*d**3 - 174*d**2 + 673*d - 3. Give u(4).
-991
Let z(p) = -3248*p - 55226. What is z(-17)?
-10
Let j(m) = -1347*m - 33986. Determine j(-25).
-311
Let u(o) = -9*o**3 - 3*o**2 + 186*o - 369. Calculate u(2).
-81
Let v(k) = -k**3 + 75*k**2 + 247*k - 1235. What is v(78)?
-221
Let c(o) = -o**2 + 23423*o + 4200973. Determine c(-178).
-5
Let q(z) = 4181*z**2 - 92014*z + 702. Determine q(22).
-2
Let d(z) = z**3 + 121*z**2 - 384*z - 1680. Calculate d(-124).
-192
Let s(u) = -u**3 - 13*u**2 + 223*u + 2779. Give s(-15).
-116
Let q(j) = -3*j**3 + 49*j**2 - 8061*j + 120011. What is q(15)?
-4
Let p(a) = -a**3 - 29*a**2 - 60*a + 1178. What is p(-9)?
98
Let z(y) = 1833*y - 34317. Give z(19).
510
Let i(g) = 2*g**2 - 527*g + 19955. Determine i(46).
-55
Let q(k) = -2*k**3 - 856*k**2 - 10783*k + 